{"id":207,"date":"2018-04-29T17:26:41","date_gmt":"2018-04-29T20:26:41","guid":{"rendered":"http:\/\/www.transrioturismo.tur.ar\/travel\/?page_id=207"},"modified":"2024-10-29T10:24:20","modified_gmt":"2024-10-29T13:24:20","slug":"quienes-somos","status":"publish","type":"page","link":"https:\/\/www.transrioturismo.tur.ar\/travel\/quienes-somos\/","title":{"rendered":"\u00bfQui\u00e9nes somos?"},"content":{"rendered":"<p style=\"text-align: center;\"><img decoding=\"async\" src=\"http:\/\/www.transrioturismo.tur.ar\/travel\/wp-content\/uploads\/2018\/04\/logotr-3.png\" alt=\"\" width=\"197\" height=\"57\" \/><\/p>\n<p style=\"text-align: center;\"><strong>OPERADOR TURISTICO REGIONAL<\/strong><\/p>\n<p>Nacimos como operadores, partiendo de la base de la gran estructura de transporte de pasajeros que posee nuestra empresa de origen, que es R\u00edo Uruguay, quienes proporcionan a los agentes de viajes de la regi\u00f3n litoral, de toda la argentina y pa\u00edses lim\u00edtrofes el servicio de transporte de pasajeros con la mejor y m\u00e1s moderna flota de \u00f3mnibus,\u00a0 es por ello que pretendemos mantener los mismos est\u00e1ndares de calidad y servicio que R\u00edo Uruguay, y garantizar que todos los dem\u00e1s servicios que ofrecemos apunten a cubrir todas las necesidades de nuestros pasajeros y sus expectativas de viaje. Contando con la fundamental participaci\u00f3n de cada una de las agencias de viajes y empresas de viajes y turismo, para canalizar nuestros productos a trav\u00e9s de ellos.\u00a0 Por este motivo, nuestros servicios que brindamos, adem\u00e1s del servicio de transporte, son electos considerando la relaci\u00f3n precio y calidad, reafirmando nuestro compromiso de servicios, ofreci\u00e9ndoles la selecci\u00f3n de hoteles\u00a0 de categor\u00eda 3 y\u00a0 4 estrellas con todas las comodidades y las mejores ubicaciones en cada destino.\u00a0 Nuestros coordinadores de viaje, qui\u00e9nes forman parte de nuestro equipo humano por sus conocimientos, por la confianza y amabilidad, le brindan acompa\u00f1amiento, atenci\u00f3n y asesoramiento durante todo su viaje. Nuestro servicio de asistencia al viajero, cuenta con una amplia cobertura m\u00e9dica, protegiendo y cuidando a cada uno de nuestros pasajeros. Y nosotros con nuestro equipo humano capacitado constantemente para dise\u00f1arle cada programa meticulosamente elaborado, para que cada destino que ofrecemos, pueda\u00a0 ser aprovechado al m\u00e1ximo durante el tiempo de estad\u00eda en el mismo, asesor\u00e1ndolos y brind\u00e1ndoles la mejor atenci\u00f3n personalizada antes, durante y despu\u00e9s del viaje.<\/p>\n<p style=\"text-align: justify;\"> Muchas gracias por confiar en <strong>TRANSRIO TURISMO<\/strong> .<\/p>\n","protected":false},"excerpt":{"rendered":"<p>OPERADOR TURISTICO REGIONAL Nacimos como operadores, partiendo de la base de la gran estructura de transporte de pasajeros que posee nuestra empresa de origen, que es R\u00edo Uruguay, quienes proporcionan a los agentes de viajes de la regi\u00f3n litoral, de toda la argentina y pa\u00edses lim\u00edtrofes el servicio de transporte[&#8230;]<\/p>\n","protected":false},"author":1,"featured_media":0,"parent":0,"menu_order":0,"comment_status":"closed","ping_status":"closed","template":"template-page-default.php","meta":{"footnotes":""},"class_list":["post-207","page","type-page","status-publish","hentry"],"_links":{"self":[{"href":"https:\/\/www.transrioturismo.tur.ar\/travel\/wp-json\/wp\/v2\/pages\/207","targetHints":{"allow":["GET"]}}],"collection":[{"href":"https:\/\/www.transrioturismo.tur.ar\/travel\/wp-json\/wp\/v2\/pages"}],"about":[{"href":"https:\/\/www.transrioturismo.tur.ar\/travel\/wp-json\/wp\/v2\/types\/page"}],"author":[{"embeddable":true,"href":"https:\/\/www.transrioturismo.tur.ar\/travel\/wp-json\/wp\/v2\/users\/1"}],"replies":[{"embeddable":true,"href":"https:\/\/www.transrioturismo.tur.ar\/travel\/wp-json\/wp\/v2\/comments?post=207"}],"version-history":[{"count":6,"href":"https:\/\/www.transrioturismo.tur.ar\/travel\/wp-json\/wp\/v2\/pages\/207\/revisions"}],"predecessor-version":[{"id":302,"href":"https:\/\/www.transrioturismo.tur.ar\/travel\/wp-json\/wp\/v2\/pages\/207\/revisions\/302"}],"wp:attachment":[{"href":"https:\/\/www.transrioturismo.tur.ar\/travel\/wp-json\/wp\/v2\/media?parent=207"}],"curies":[{"name":"wp","href":"https:\/\/api.w.org\/{rel}","templated":true}]}}